)?
2, 3, 89
Let p = -518 + 905. Suppose -6*w + w + 5 = -3*i, 5*w = 5*i - 5. Suppose -i*k = 17 - p. List the prime factors of k.
2, 37
Suppose -12 - 24 = -9*d. Suppose 1674 = d*a + 2*a. What are the prime factors of a?
3, 31
Suppose 5*s = 5*n + 4*s - 5148, -2*s - 2056 = -2*n. Suppose n = 2*p - 598. What are the prime factors of p?
2, 11, 37
Let q = -379 + 395. Suppose 0 = -q*p + 6647 + 5817. List the prime factors of p.
19, 41
Let f(u) = -u**3 + 16*u**2 - 29*u + 15. Let b be f(14). List the prime factors of (-9)/(-18)*(-1 + b) - -298.
2, 149
Let n = 8605 - 4625. What are the prime factors of n?
2, 5, 199
Let x(c) = 171*c**3 - 3*c**2 - 57*c + 140. What are the prime factors of x(6)?
2, 18313
Let r(h) = 2*h**2 - h - 6. Let k be r(-2). Let t be (-1)/(k*6/2528)*3. Let o = -184 - t. What are the prime factors of o?
2, 3, 11
Let g = 15641 + 579. List the prime factors of g.
2, 5, 811
Suppose -3*h + 10 = 2*i, 2 + 3 = i + 2*h. Suppose i*w - 39712 = -29*w. What are the prime factors of w?
2, 73
Let s(f) = -12*f - 27. Let k be s(-2). What are the prime factors of 23*1 - (1 + k)?
5
Suppose 15 = 3*m + 3. Suppose 30 = m*r + 5*u - 2267, 2*r - 1121 = 3*u. Suppose -2*j - 94 = -r. What are the prime factors of j?
3, 79
Let x = 13 - 15. Let t be (x + 3)*(-2 - 31). Let h = 35 + t. What are the prime factors of h?
2
Suppose 3*p - 4*h = 123418, 0 = p - 204*h + 201*h - 41131. What are the prime factors of p?
2, 7, 2939
Suppose 10000*m - 16203 = 9989*m. What are the prime factors of m?
3, 491
Let z = 457 + -362. Let p = 637 + z. What are the prime factors of p?
2, 3, 61
Suppose -2*r + 5*r = -2*g + 97, -20 = -4*g. Suppose 1083 = 2*l + r*w - 26*w, 3*w = -15. List the prime factors of l.
3, 61
Let t(f) = 19*f**2 + 36*f - 45. What are the prime factors of t(5)?
2, 5, 61
Let s(f) = -f**3 - 10*f**2 + f + 4. Let z be s(-10). Let b be (-3)/(6 - 3)*z/3. Suppose 5*k = 2*l + 135, l + 28 = k - b. What are the prime factors of k?
5
Let h = -63 + 48. Let f be h/10*(-2)/3. Suppose 3 + f = x. What are the prime factors of x?
2
Let d = 542 + -263. What are the prime factors of (36 - 38)/((-2)/d)?
3, 31
Let d be ((-3888)/(-32))/(1/2). Suppose -127 - d = -o. Suppose 16*w - o = 11*w. What are the prime factors of w?
2, 37
Let q = 22163 - -8217. What are the prime factors of q?
2, 5, 7, 31
Let x(m) = 366*m - 213. List the prime factors of x(12).
3, 7, 199
Let f = 33506 - 5780. What are the prime factors of f?
2, 3, 4621
Let n = -17 - -22. Suppose 0 = -n*x - 20 + 80. What are the prime factors of (-1)/(-3) - (-500)/x?
2, 3, 7
Let z(r) = r**3 + 73*r**2 - 4*r + 49. What are the prime factors of z(20)?
11, 31, 109
Suppose 0 = -4*c - f + 332, 5*c + 4*f = -7 + 422. Let s = -71 + c. What are the prime factors of ((-18)/s - -1)/((-1)/158)?
79
Let i(p) = p**2 - 20*p + 2. Let a be i(18). Let j(l) = -5*l - 113. What are the prime factors of j(a)?
3, 19
List the prime factors of -2*(-7)/(-77) + (-1747428)/(-66).
2, 6619
Let o(v) = 6*v**2 + 73*v + 365. List the prime factors of o(-35).
2, 3, 5, 43
List the prime factors of (2 - (-137905)/2) + (-6)/36*3.
2, 23, 1499
Suppose -208*v + 209*v = 68. Let w = 51 - -107. Suppose -v + w = y. What are the prime factors of y?
2, 3, 5
List the prime factors of (90/8)/(-6 + (-579627)/64404 - -15).
3, 5, 1789
Suppose 0 = -w - 15*w + 259030 + 390874. What are the prime factors of w?
151, 269
Let o = 28 - 16. Suppose o*x = -x + 182. What are the prime factors of (x/(-7))/(2/(-107))?
107
Suppose -398*j = -259*j - 853599. What are the prime factors of j?
3, 23, 89
Let w = 9988 - -12078. List the prime factors of w.
2, 11, 17, 59
Let w(h) = h**3 - 41*h**2 - 14*h - 676. What are the prime factors of w(45)?
2, 43, 79
Let j be 0 + 3 + 0 + 4/(-4). Suppose 0*y = -5*y + 2*k + 7469, y - 1497 = j*k. What are the prime factors of y?
1493
Suppose 5*g - 20615 = -4*n, 0 = -n - 14*g + 18*g + 5138. List the prime factors of n.
2, 5, 103
Let n(y) = -2. Let p(q) = 3*q**2 - 23*q - 12. Suppose 27 - 8 = 4*w - 5*v, 16 = w - 5*v. Let d(u) = w*n(u) + p(u). What are the prime factors of d(11)?
2, 3
Suppose -6*v + 2*v - 30 = -2*l, 0 = 4*v - 4. Suppose 423 = -l*s + 26*s. List the prime factors of s.
47
Suppose 2*p - 27720 = -2*q, -5*q = 21*p - 17*p - 55440. What are the prime factors of p?
2, 3, 5, 7, 11
Let n = 38 + 1. Let g = -40 - -105. Let f = n + g. What are the prime factors of f?
2, 13
Let z = 312 + -569. Let u = -24 - z. List the prime factors of u.
233
Suppose -3*i + 3*i + 14*i = 0. What are the prime factors of 669/4*(4 - i)?
3, 223
Suppose 3*f = m - 20827, -11843 = 3*m - 2*f - 74331. What are the prime factors of m?
2, 5, 2083
Suppose 0*j + 288 = -6*j. Let m be 12/(-2)*(-32)/j. List the prime factors of (-104)/13*85/m.
2, 5, 17
Let v = 17510 + -10304. What are the prime factors of v?
2, 3, 1201
Suppose 0 = 39*o + 477 - 48. Let y(r) = -14*r - 86. What are the prime factors of y(o)?
2, 17
Suppose 0 = -75*t + 234791 + 111034. What are the prime factors of t?
3, 29, 53
Let h(t) = 7851*t**2 + 74*t - 72. List the prime factors of h(1).
7853
Suppose 3*g - 234 = 177. Let u(m) = m - 17. Let f be u(17). List the prime factors of 16/8 - ((f - g) + 1).
2, 3, 23
Suppose 4*k + 861 = k - 2*w, -5*w = -2*k - 574. Let h = 821 - k. What are the prime factors of h?
2, 277
Let r(w) = 97*w**3 + 2*w**2 - 3*w - 18. List the prime factors of r(2).
2, 5, 19
Suppose 5*y - 4990 - 7831 = -4*z, -z + 3203 = 2*y. List the prime factors of z.
3209
Suppose -n + 8*n = -3822. Let s be (4/14)/((-6)/n). List the prime factors of s/65 + 126/10.
13
Let g(b) = 80*b**3 - 5*b**2 + 3*b - 158. What are the prime factors of g(7)?
2, 83, 163
Let m(j) = 9659*j - 563. List the prime factors of m(6).
29, 1979
Let x(d) be the first derivative of 5*d**2 + 17. Let o be x(5). Let f = 12 + o. What are the prime factors of f?
2, 31
Let l(y) = 27*y - 107. Let x be l(-8). Let w = -68 - x. List the prime factors of w.
3, 5, 17
Suppose -2*d = -0 - 90. Let q = -40 + d. Suppose q*g + 4*y - 114 = 0, 0*y = 3*y - 3. List the prime factors of g.
2, 11
Suppose -13*q + 41*q = 142*q - 6657030. What are the prime factors of q?
3, 5, 17, 229
Let x(h) = 857*h + 73. Let b be x(3). Let g = b - 1839. What are the prime factors of g?
5, 7, 23
Let f = 1940 + 16931. List the prime factors of f.
113, 167
Let q(x) = 20*x**3 - 9*x + 12*x**3 - 10*x**2 - 4 - 31*x**3. List the prime factors of q(12).
2, 11
Let a(u) = 720*u - 10720. What are the prime factors of a(83)?
2, 5, 613
Let p(y) = -y**3 - 5*y**2 - 5*y + 4. Let i be p(-4). Suppose -i*c = -54 + 6. Suppose -c*g + g = -670. What are the prime factors of g?
2, 67
Let b(w) = -2*w - 7. Let t be b(-6). Suppose -t*j = -4*r - 0*r - 259, -5*j - 4*r = -251. List the prime factors of j + (-2)/(4/6).
2, 3
Let o(x) = -13 + x**3 + x - 23*x - 33*x**2 + 52*x**2. Suppose 22*c + 100 = 17*c. List the prime factors of o(c).
3
Let w(b) = -144*b**3 + 35*b**2 + 196*b + 28. List the prime factors of w(-5).
17923
List the prime factors of (4 + 6500*40/48)*3.
2, 47, 173
Let w = 906 + -1157. Let g = 1688 - w. List the prime factors of g.
7, 277
Let m(d) = -3862*d - 396. List the prime factors of m(-2).
2, 229
Let t be ((-27)/1)/(6/(42/(-7))). Let l(a) = -a + 80. List the prime factors of l(t).
53
Suppose 126 = 2*k + 3*o, 0*o + 5*o = -2*k + 118. Suppose -28 = -5*t - 178. Let w = t + k. What are the prime factors of w?
3, 13
Let r(m) = -2*m**2 + 2*m + 16. Let w be r(-3). Let f(j) = 0*j - 54 + 0*j - 14*j + 21. List the prime factors of f(w).
79
Suppose -21*l = -19*l - 576. Suppose -l = -4*p + 1396. What are the prime factors of p?
421
List the prime factors of 8/(-3) + 11528/12.
2, 479
Let f = 1764 + 25020. List the prime factors of f.
2, 3, 31
Suppose 2178712 = 56*x + 315984. What are the prime factors of x?
29, 31, 37
Suppose 4*j = -55 + 35. List the prime factors of 6 - (4 - (308 + j)).
5, 61
Suppose 0*v - 6*v = -24. Let q(m) = -4*m + 10. Let i be q(v). List the prime factors of (-435)/i + 3/2.
2, 37
Let v(l) = -2*l**2 + 48*l + 74. Let q be v(23). What are the prime factors of (-24213)/(-24) + 15/q?
1009
Suppose 5*p - 4*l = 104, 3*p - 6*l = -3*l + 60. What are the prime factors of (-4 + 2550/p)/(1/4)?
409
Let p = 1123 - -8838. List the prime factors of p.
7, 1423
Let d be 2/(-1) + -1 + (-505)/(-5). Let i = 89 - d. Let x(z) = 2*z**2